composite number?
False
Suppose -y - 21 = 4*q, -48*y + 51*y + 111 = 4*q. Let r(x) = -29*x - 50. Is r(y) a composite number?
False
Suppose 0 = -19*q + 15*q + 6576. Suppose -3*g - 4932 = -4*w, g + 3*w = -0*g - q. Is -4 - g/(-8)*-4 composite?
True
Let c = -496 + 940. Let i = 761 - c. Is i a composite number?
False
Let s be 536/(-2)*(-3 + 7)/(-1). Let r = s - -7395. Is r a composite number?
False
Suppose -9*b = -5*b - 30712. Let i = b - 5287. Is i composite?
True
Is 52631 - ((-1 - -10) + -5) prime?
True
Let i be ((-18)/(-4))/(-9)*24/(-6). Suppose -2*b = i*k - 6714, 4*k + 13*b - 17*b = 13444. Is k a composite number?
False
Suppose -3*h + i + 3470 = 0, 4*i = 2*h + 3*i - 2315. Suppose 28454 = 8*v + 10678. Let s = v - h. Is s prime?
False
Suppose 34*h = 107382 + 26034. Suppose -12*u + 44832 = h. Is u prime?
False
Suppose -45*l = 339253 + 183647. Let x = l - -23613. Is x prime?
False
Let m = -664 + 664. Suppose m = -0*c - 2*c - 2*o + 9728, 3*o = 4*c - 19435. Is c a composite number?
False
Suppose 2*v + 6 = -3*u - 8, 12 = -3*u. Let t be (4 - 3)*(-5)/v. Suppose 2*n + 885 = t*n. Is n a prime number?
False
Let a be 5 + ((-15)/(-9) - 36/(-27)). Let s(q) = 594*q - 71. Is s(a) composite?
True
Let k(t) = 50*t**3 - 9*t**2 + 65*t - 183. Is k(14) composite?
False
Suppose 41 = -4*m - 5*y, 5*y + 149 = 124. Let b(i) be the third derivative of 29*i**5/60 + 7*i**3/2 + i**2. Is b(m) composite?
True
Suppose 4477170 = 10*o - 3*o + 23*o. Is o a composite number?
False
Suppose 0 = 3*i + 3 - 15. Suppose -i*b = -6*n + n + 3733, -5*n + b + 3742 = 0. Suppose f - n = -0*f. Is f composite?
True
Let m(u) = -9*u**3 - 5*u**2 + 6*u + 32. Let c be m(-18). Suppose -c = -9*p + p. Is p a composite number?
True
Let t be ((-12)/(-14))/(17/357). Suppose -7124 = -t*u + 14*u. Suppose 4*j - 3558 = 2*g, -2*j + 2*g + u = -g. Is j a composite number?
True
Is -7 + (-180)/(-15) - -268538 prime?
False
Suppose -5*t = -c - 699830, -4*t - 2*c + 419911 = -t. Is t composite?
False
Let v(j) = 2*j**2 - 10*j - 17. Let r(d) = -d**2 + 3*d + 5. Let k be r(3). Suppose -23 - 28 = -2*g + k*u, u = -g + 8. Is v(g) composite?
False
Let y(r) = 822*r - 1920*r + 928*r + 59. Is y(-10) a prime number?
True
Suppose 3*n + 36*h - 37*h - 360664 = 0, 0 = 2*n - 3*h - 240431. Is n composite?
False
Let v(f) = -2*f. Let p(a) = 21*a + 17. Let n(d) = 2*p(d) - 22*v(d). Let x be n(-15). Let j = -685 - x. Is j composite?
False
Suppose 1273*t + 21761491 = 1410*t. Is t a prime number?
True
Suppose -2*s - 46 = -r, -2*s - s + 51 = r. Let k = 149 + r. Suppose -5*f - l = -1070, f - 43 = 5*l + k. Is f a prime number?
False
Suppose 11538 - 142278 = -20*w. Suppose 2*l - 11341 = w. Is l prime?
False
Let k = 228940 - 151403. Is k a composite number?
True
Let b(n) be the third derivative of 73*n**4/24 - 7*n**3/2 - 2*n**2 - 26. Is b(8) a prime number?
True
Suppose -2*a - 210823 + 830584 = t, 4*t = 4*a - 1239480. Is a a composite number?
False
Let m be ((-32)/20*-2)/(16/40). Let s = 4132 - -2007. Suppose -v = -m*v + s. Is v prime?
True
Let j = -2 + -96. Let y = -93 - j. Is 424/(-16)*(y - 1)/(-2) a composite number?
False
Is (-1401581)/(-9) - 12/54 a prime number?
True
Is (275590485/99)/15 - (-6)/33 prime?
False
Let p = -563 + 872. Let t = p - 176. Suppose -910 = -7*i - t. Is i composite?
True
Let z(y) = -263*y - 7. Let m be z(-27). Suppose -2339 = 5*h - 2*p - 37809, -h - p + m = 0. Is h a composite number?
True
Suppose 0*l = 25*l + 41273 - 858448. Is l a prime number?
True
Suppose -y + 9*i + 14 = 5*i, 5*y = -4*i + 22. Suppose -y*n - 5846 + 60668 = 0. Suppose -2*c + 6092 = v + v, -3*c + n = 4*v. Is c a prime number?
False
Is (-2)/33 - (-76153925)/2013 a composite number?
False
Is -564*20/(-960)*174292 composite?
True
Suppose 3*o - 130 = -4*n, -4*n = 5*o - 43 - 91. Suppose -n*f + 18*f = -81211. Is f a prime number?
True
Suppose -21 = -3*n, 2*n - 372087 = -15*l + 3982142. Is l a composite number?
True
Suppose 0 = -b + 3*m + 6894 + 739, 5*b - 5*m = 38125. Suppose -b = 7*x - 8*x. Is x prime?
True
Suppose -3*l + 182143 = 2*n, 3*l = 5*n + 161091 + 21059. Is l a prime number?
False
Let q(b) = 115*b**2 - 11*b - 27. Let y be (28 + -29)/(0 - 1/7). Is q(y) a composite number?
False
Suppose d - 295339 = -3*o, 0 = 23*d - 27*d - 5*o + 1181384. Is d a composite number?
True
Suppose -16*t = -19*t, 3*v - 5*t - 42 = 0. Let l(o) = 279*o - 104. Is l(v) prime?
False
Suppose 5*a - 30207 = -0*h - 3*h, 3*a + 5*h = 18121. Let c = -2233 + a. Is c a prime number?
False
Suppose -3*c + 147 = -4*o + 9*o, -2*c + o = -98. Let j = -53 + c. Is (-3)/(-2) + (-3142)/j a composite number?
False
Suppose 23*p - 22*p + 1 = 0, -7696 = -5*m + 6*p. Is m prime?
False
Is 4/(-7)*(-1219939)/122 prime?
False
Suppose 146989 + 203439 = 9*b - 359465. Is b composite?
False
Suppose 0 = 345*o - 344*o - 47498. Let f = -22501 + o. Is f a prime number?
False
Let y be (-1)/(2/(-9) + (-155)/558). Suppose 0 = -y*z + 3*h + 49373, -9*h + 12*h + 24682 = z. Is z a prime number?
True
Suppose 0 = -40*p + 164*p - 3066892. Is p prime?
True
Is (60/150)/((-2)/20) + 420855 a composite number?
False
Suppose -v = 3*v - 2*j - 7394, -5*v + 9242 = -3*j. Suppose -31*f - 7 + 37 = -32. Suppose -f*m + 2553 = -v. Is m prime?
False
Suppose d = d - 2*d. Suppose 7*i + 6*i - 10*i = d. Suppose -4*b = -z - i*b + 239, z + 4*b = 279. Is z prime?
False
Suppose -78101 = -10*z + 33189. Suppose 28*s = 152781 - z. Is s composite?
False
Suppose 622 = 3*u + c, 2*u + 2*c = -3*u + 1036. Let f = u + -140. Suppose -t = -f - 1665. Is t a prime number?
True
Suppose 0 = 20*m - 227504 - 469116. Let b = m + -18284. Is b a composite number?
False
Suppose 0 = 2*o + 10, 2*x - 5*o = -x + 28. Let k be (x - 2 - -10)/((-6)/30). Let i = k - -100. Is i composite?
True
Suppose 6*v = -14*v + 1186060. Suppose v = 5*z + 3*d, 0 = -5*z + 4*d + 41413 + 17918. Is z composite?
False
Let d(r) = 39681*r - 12. Let z be d(3). Suppose 14*v - 9*v - z = 4*b, 2*v + 3*b - 47594 = 0. Is v composite?
True
Let s be 0*(1*2/(-1))/8. Suppose s = -4*a + 5*o + 16589, 0 = -3*a - 3*o - 2*o + 12398. Is a a prime number?
False
Suppose -3*x = 2*g - 256302, -5*g + 3*x = x - 640793. Is g a prime number?
False
Suppose -3*d + 5*f - 9 = -0, -5*d + 2*f = 15. Let h(s) = -4*s - 7. Let q be h(d). Suppose -t + 1476 = o, -q*t + o = -t - 5929. Is t a composite number?
False
Let n(x) = 5*x - 20 + 1823*x**2 + 43 - 6*x. Is n(-4) prime?
False
Let k = -6 - -9. Suppose -k*h + 5*c = -6907, c + 8 = 3*c. Is h a prime number?
True
Let z(x) = 6975*x - 109. Is z(4) composite?
False
Suppose 296 - 299 = -3*x. Is 18088/12 - x*(-1)/(-3) prime?
False
Let m(d) = -20*d - 158. Let t be m(-8). Suppose 16 = -0*y + 3*y + r, -5*r = 5*y - 30. Suppose -t*w + 2737 = 3*c, -7*w + 3*c + 2731 = -y*w. Is w a prime number?
True
Let f(m) = 8489*m**2 - 1165*m - 17. Is f(-9) a composite number?
False
Suppose -4*y - 4*u + 13068 = 0, 0 = -2*y + 39*u - 34*u + 6506. Is y composite?
True
Let f = -51 + 58. Suppose -f*o = 133 - 889. Is 6/(-3) - o/4*-1 composite?
True
Let i(d) = -d**3 + 3*d**2 + 28*d - 44. Let n be i(4). Let c be (1 + 56)*(1 + 2). Let r = c - n. Is r a prime number?
False
Let k = 842 + -330. Let z = k - -365. Is z prime?
True
Suppose -5*y + 483613 = -5*d + 1600868, 446902 = 2*d + 5*y. Is d prime?
False
Let o(q) = -11*q + 66. Let b be o(5). Suppose -15*h = -b*h - 25348. Is h a composite number?
False
Let f = 242 + -238. Suppose f*a = 5*g + 1351, -1435 + 421 = -3*a + 3*g. Is a composite?
True
Is (-152)/(-57) + 10/(-18)*-492477 a prime number?
True
Let u(m) = -62849*m + 13715. Is u(-6) a prime number?
True
Let f(a) = 16703*a**2 + 60*a - 60. Is f(1) a composite number?
False
Let l = -12 - -12. Suppose -2*u + 8232 + 9404 = l. Is u a prime number?
False
Suppose -5*u - 4*q + 25671 = 0, 2*q + 25862 = 5*u + 215. Is u composite?
True
Suppose -5*o + 15 = i, -o - i - 3*i = 16. Suppose 43*y - 199424 - 1806 + 38819 = 0. Suppose o*l = l + y. Is l composite?
False
Let q = 2603 - -371. Suppose 14806 = 8*t + q. Suppose 0 = -7*p + 10*p - t. Is p a composite number?
True
Let w be 16/2 - 28/7. Suppose -w*k = k - 4*a - 26285, 0 = 4*k + 5*a - 21069. Is k composite?
False
Suppose 3869721 + 899451 = 108*w. Is w a prime number?
True
Let d = -2 + 2. Let s be ((-9)/((-27)/(-7795)))/(4/(-12)). Suppose d = -3*z - 2*z + s. Is z a composite number?
False
L